957 - -49?
159006
In base 6, what is 10 - -31234?
31244
In base 13, what is -96 - -517?
451
In base 10, what is -1 + -92762?
-92763
In base 14, what is -387 + -13b?
-4c4
In base 7, what is 132623 - -26?
132652
In base 3, what is -21001 - -11121?
-2110
In base 8, what is -1424 - 374?
-2020
In base 12, what is 171214 + 6?
17121a
In base 10, what is -165073 + 5?
-165068
In base 12, what is -11 - -704?
6b3
In base 16, what is 1698 + 151?
17e9
In base 15, what is -61e - -41?
-5cd
In base 5, what is 11 - 3414201?
-3414140
In base 8, what is 12 + -23330?
-23316
In base 10, what is -163604 - 22?
-163626
In base 9, what is 21 + 408218?
408240
In base 3, what is 112220 - -12210?
202200
In base 12, what is 1667 + -83?
15a4
In base 13, what is 4 + 1b0b9?
1b0c0
In base 2, what is 1 + 111111101010011?
111111101010100
In base 8, what is -141 - 2614?
-2755
In base 12, what is -4 - 3466?
-346a
In base 8, what is 540 - 1101?
-341
In base 16, what is -37d - -493?
116
In base 9, what is 4 + 14705?
14710
In base 6, what is -150 - -215?
25
In base 6, what is -340315 - 4?
-340323
In base 4, what is -120102 - -1231?
-112211
In base 11, what is 10 - 35386?
-35376
In base 2, what is -1000100010001010011 + 100?
-1000100010001001111
In base 3, what is 201120021202002 - -2?
201120021202011
In base 12, what is -20a + 1ba5?
1997
In base 9, what is 5751651 - -5?
5751656
In base 9, what is -30685 - 5?
-30701
In base 13, what is 330 + 26?
356
In base 7, what is 1 - 16363112?
-16363111
In base 7, what is -15 - -26?
11
In base 11, what is 858 - 4?
854
In base 6, what is -1 + -134301?
-134302
In base 3, what is 220220011 - -1?
220220012
In base 3, what is 10101201 + 11200?
10120101
In base 15, what is 4 - 9daaa?
-9daa6
In base 13, what is -1 - b7ca?
-b7cb
In base 16, what is 1 + -f6c?
-f6b
In base 10, what is -774 - 4?
-778
In base 3, what is -11 - -202022022?
202022011
In base 8, what is -5 + 472206?
472201
In base 13, what is -5 + -4c3c8?
-4c400
In base 13, what is 1 + 551?
552
In base 2, what is -111 - -1110110000000?
1110101111001
In base 9, what is 161186 + 5?
161202
In base 15, what is -902 - 0?
-902
In base 8, what is 1311 + -471?
620
In base 2, what is -100110011 + 1101001?
-11001010
In base 9, what is -315473 + -5?
-315478
In base 14, what is -31 + -25a?
-28b
In base 8, what is 0 - -4506344?
4506344
In base 5, what is 232403 - -13?
232421
In base 2, what is -100 + -10000010111110?
-10000011000010
In base 6, what is 42 + -1111?
-1025
In base 10, what is 2856 + -36?
2820
In base 7, what is -303 - -314?
11
In base 13, what is 40 + 5?
45
In base 3, what is 110002201 + -1001?
110001200
In base 5, what is 4 - -3023322?
3023331
In base 11, what is 79 + 216?
294
In base 14, what is 2 + 85a40?
85a42
In base 5, what is -10422222 + -4?
-10422231
In base 12, what is -2b + -84?
-b3
In base 14, what is 10 - -ac96b?
ac97b
In base 5, what is 2 - 140304?
-140302
In base 3, what is 10100001 - -2110?
10102111
In base 6, what is -3 + 514200?
514153
In base 7, what is 3 - -1124523?
1124526
In base 7, what is 22204 - 3?
22201
In base 9, what is 11264742 + 1?
11264743
In base 12, what is -3 - -73b29?
73b26
In base 12, what is 393 - 11?
382
In base 15, what is -2 - 1bd9?
-1bdb
In base 10, what is -751 + 168?
-583
In base 9, what is -5 - 216671?
-216676
In base 6, what is 15520 - -1423?
21343
In base 9, what is -4 - 11202?
-11206
In base 6, what is -3 + -22201?
-22204
In base 3, what is -11122201022 - 12?
-11122201111
In base 6, what is 1 + -1312405?
-1312404
In base 15, what is 73 - 16232?
-161ae
In base 15, what is 2c107 + 0?
2c107
In base 2, what is 100101 - -100100?
1001001
In base 15, what is -439c - 3?
-43a0
In base 15, what is 5 - 1b58b?
-1b586
In base 9, what is 7688 - 11?
7677
In base 5, what is -1122 + -102044?
-103221
In base 14, what is 32 - 1708?
-16b6
In base 6, what is 3103 - -500?
4003
In base 10, what is 4423 - 35?
4388
In base 10, what is -102 + -379?
-481
In base 10, what is -40559 - 6?
-40565
In base 2, what is -101100001100 - -1011101?
-101010101111
In base 5, what is 130434 - 2042?
123342
In base 12, what is -2 - -478a3b?
478a39
In base 15, what is -a5d + -c?
-a6a
In base 4, what is 2110312321 - 2?
2110312313
In base 8, what is -3 - -451510?
451505
In base 14, what is -56b7 - 143?
-581a
In base 15, what is -3 - 730e2?
-730e5
In base 10, what is -1877 - 17?
-1894
In base 4, what is 11 + 23103220?
23103231
In base 15, what is -45 + -b72b?
-b771
In base 10, what is 5 - -4862?
4867
In base 15, what is bb05 + ab?
bbb1
In base 5, what is -33142013 + 11?
-33142002
In base 7, what is -2044 - 263?
-2340
In base 15, what is -165 + -29?
-18e
In base 15, what is -4a58 - -3?
-4a55
In base 2, what is -100 + 101010011111011111?
101010011111011011
In base 10, what is -31921 - -36?
-31885
In base 2, what is 100011100110011110 + 11?
100011100110100001
In base 2, what is 10011101010100 + 101?
10011101011001
In base 16, what is -1df0 - 9?
-1df9
In base 6, what is -10 + -1001115?
-1001125
In base 3, what is -110 + -211120?
-212000
In base 8, what is 200400 - 20?
200360
In base 4, what is 13 + -1302110?
-1302031
In base 6, what is -2133 - 10120?
-12253
In base 2, what is -1100 + 11000010000011?
11000001110111
In base 2, what is -11111100 + -110011010?
-1010010110
In base 7, what is -16 - -21350?
21331
In base 7, what is 20 - 3665?
-3645
In base 13, what is -9683 - -5?
-967b
In base 8, what is -276037 - 46?
-276105
In base 9, what is 5 + -11716?
-11711
In base 7, what is 1622400 - 4?
1622363
In base 4, what is -1031121 + -2?
-1031123
In base 7, what is 1340 - -3166?
4536
In base 16, what is -5833 + -1?
-5834
In base 12, what is 2b - -1b020?
1b04b
In base 6, what is 4 - 241431?
-241423
In base 10, what is -42 - -701?
659
In base 14, what is -84a216 + -3?
-84a219
In base 8, what is 3037 + -42?
2775
In base 6, what is -10412255 + 0?
-10412255
In base 7, what is -6 - 2302362?
-2302401
In base 4, what is -333023 + 321?
-332102
In base 3, what is -11010 + -12110012?
-12121022
In base 8, what is -223 + -514?
-737
In base 9, what is 6 + 2285?
2302
In base 13, what is -2 - 3296a?
-3296c
In base 7, what is 4033 - 111?
3622
In base 6, what is 4313 + 2425?
11142
In base 10, what is 12615 - 4?
12611
In base 16, what is 0 - -a2eb?
a2eb
In base 12, what is a88 + 170?
1038
In base 8, what is 0 - 200577?
-200577
In base 16, what is 28d3a - -14?
28d4e
In base 9, what is -121 - 43167?
-43288
In base 7, what is -403435 - 3?
-403441
In base 9, what is 54 + -2307?
-2243
In base 4, what is 1023 - 1310133?
-1303110
In base 10, what is 13552 + -42?
13510
In base 15, what is -84 - 13?
-97
In base 2, what is 11110000 - -100111010?
1000101010
In base 13, what is -4 + 1b47?
1b43
In base 7, what is 1044 + 502?
1546
In base 8, what is 22443 + -1?
22442
In base 15, what is -5 - -9865?
9860
In base 7, what is -515422 + 3?
-515416
In base 5, what is -3 + -100310?
-100313
In base 6, what is -1 - -4055?
4054
In base 13, what is -539 - 10?
-549
In base 15, what is 2ba4a + 4?
2ba4e
In base 7, what is -242400 + 5?
-242362
In base 10, what is -2 - 8618?
-8620
In base 14, what is 17 - -aa73?
aa8a
In base 11, what is 4a - -424?
473
In base 14, what is 24 - -1a82?
1aa6
In base 13, what is -9049 - -2?
-9047
In base 8, what is -3 - 23116?
-23121
In base 16, what is cbb + -3?
cb8
In base 2, what is 10011 + -1011101101011?
-1011101011000
In base 16, what is -27 + 3ee?
3c7
In base 14, what is 30220 - 4?
3021a
In base 8, what is 25767 + 165?
26154
In base 6, what is -4455 + 420?
-4035
In base 9, what is -588 + 4?
-584
In base 3, what is -11001 + -1210111?
-1221112
In base 9, what is -717 - -1?
-716
In base 9, what is 71 - -708?
780
In base 5, what is -1 + 4224?
4223
In base 14, what is -9b + -1a0?
-25b
In base 13, what is 3 - 3b19a?
-3b197
In base 15, what is -30 - -61?
31
In base 9, what is 4737 + -221?
4516
In base 15, what is 1673 - -9?
167c
In base 9, what is 248171 - 1?
248170
In base 4, what is -12 + 2113103?
2113031
In base 15, what is -4075 - -57?
-401d
In base 13, what is 7 - 6110?
-6106
In base 4, what is 2 + 33111113?
33111121
In base 7, what is -1111 + -62?
-1203
In base 5, what is 13444 + -311?
13133
In base 12, what is 474 - b22?
-66a
In base 9, what is 1 + 57817?
57818
In base 15, what is -6 + 45?
3e
In base 3, what is 12121